910 and 2134.
194
Calculate the greatest common factor of 297 and 1067.
11
Calculate the highest common factor of 3086 and 2.
2
What is the greatest common factor of 11523 and 207?
69
Calculate the highest common factor of 112 and 1358.
14
Calculate the highest common divisor of 19 and 247.
19
What is the greatest common divisor of 29 and 16501?
29
What is the highest common divisor of 3825 and 153?
153
Calculate the highest common factor of 5440 and 2240.
320
What is the highest common divisor of 216 and 384?
24
Calculate the greatest common factor of 60 and 1740.
60
Calculate the highest common divisor of 53 and 12879.
53
Calculate the highest common divisor of 365 and 73.
73
What is the highest common factor of 152 and 24?
8
Calculate the highest common divisor of 3888 and 80.
16
Calculate the highest common factor of 423 and 3.
3
What is the greatest common factor of 9731 and 111?
37
Calculate the highest common factor of 2669 and 17.
17
What is the greatest common factor of 10 and 290?
10
Calculate the greatest common divisor of 5616 and 6.
6
What is the greatest common divisor of 80 and 48?
16
What is the highest common divisor of 7062 and 330?
66
Calculate the greatest common factor of 225 and 90.
45
Calculate the greatest common factor of 57 and 361.
19
What is the greatest common divisor of 420 and 2625?
105
Calculate the greatest common factor of 4 and 10.
2
What is the highest common factor of 2291 and 87?
29
Calculate the greatest common factor of 60 and 1308.
12
Calculate the highest common divisor of 188 and 8.
4
Calculate the greatest common divisor of 9 and 1341.
9
What is the greatest common divisor of 78 and 18?
6
Calculate the greatest common divisor of 6439 and 1096.
137
What is the highest common divisor of 7 and 189?
7
Calculate the highest common factor of 3116 and 2.
2
Calculate the highest common divisor of 48 and 2224.
16
Calculate the highest common divisor of 1836 and 264.
12
What is the highest common divisor of 590 and 10?
10
What is the highest common divisor of 64 and 176?
16
What is the greatest common divisor of 15 and 215?
5
What is the greatest common factor of 1460 and 24?
4
What is the greatest common factor of 50 and 12275?
25
Calculate the highest common divisor of 1232 and 448.
112
What is the highest common factor of 50 and 430?
10
What is the highest common factor of 1045 and 55?
55
What is the highest common divisor of 195 and 90?
15
What is the highest common factor of 25 and 1175?
25
Calculate the highest common divisor of 1225 and 343.
49
Calculate the highest common divisor of 5 and 785.
5
Calculate the highest common factor of 88 and 33.
11
What is the greatest common factor of 2604 and 504?
84
Calculate the highest common factor of 3795 and 11.
11
Calculate the greatest common divisor of 96 and 216.
24
Calculate the greatest common divisor of 1352 and 8.
8
Calculate the greatest common divisor of 9500 and 19.
19
Calculate the highest common divisor of 85 and 68.
17
Calculate the highest common divisor of 713 and 31.
31
Calculate the highest common factor of 464 and 32.
16
Calculate the highest common divisor of 170 and 30.
10
Calculate the highest common divisor of 8304 and 432.
48
Calculate the highest common divisor of 2322 and 378.
54
What is the highest common divisor of 13 and 1?
1
What is the greatest common factor of 3 and 13?
1
What is the highest common factor of 18 and 99?
9
What is the greatest common factor of 963 and 162?
9
Calculate the highest common divisor of 4824 and 264.
24
Calculate the highest common divisor of 121 and 1111.
11
What is the highest common divisor of 31 and 19127?
31
What is the highest common divisor of 3887 and 23?
23
Calculate the greatest common divisor of 168 and 420.
84
Calculate the highest common factor of 32 and 256.
32
Calculate the highest common factor of 860 and 10.
10
Calculate the highest common factor of 840 and 42.
42
What is the greatest common divisor of 21 and 67368?
21
Calculate the greatest common factor of 63 and 54.
9
What is the greatest common divisor of 3589 and 74?
37
Calculate the greatest common factor of 7781 and 155.
31
Calculate the greatest common divisor of 230 and 170.
10
Calculate the greatest common divisor of 2336 and 32.
32
Calculate the greatest common factor of 12 and 276.
12
Calculate the highest common divisor of 3894 and 132.
66
Calculate the highest common divisor of 108 and 189.
27
What is the greatest common divisor of 85 and 2645?
5
What is the greatest common divisor of 2013 and 33?
33
Calculate the highest common divisor of 378 and 56.
14
Calculate the greatest common divisor of 1026 and 18.
18
What is the greatest common divisor of 24 and 84?
12
Calculate the greatest common divisor of 130 and 2080.
130
Calculate the highest common factor of 7125 and 50.
25
What is the greatest common factor of 16 and 176?
16
What is the greatest common factor of 2279 and 215?
43
What is the highest common divisor of 110 and 10285?
55
Calculate the highest common factor of 46 and 161.
23
What is the highest common divisor of 80 and 60?
20
What is the highest common factor of 29 and 42833?
29
Calculate the highest common factor of 8454 and 18.
6
Calculate the greatest common factor of 7935 and 60.
15
What is the greatest common factor of 299 and 46?
23
Calculate the highest common factor of 528 and 462.
66
What is the highest common factor of 13 and 208?
13
What is the highest common divisor of 273 and 143?
13
What is the highest common factor of 29268 and 18?
18
What is the highest common factor of 35 and 540?
5
Calculate the greatest common divisor of 14 and 161.
7
Calculate the greatest common divisor of 130 and 30.
10
What is the greatest common factor of 56 and 238?
14
Calculate the greatest common divisor of 665 and 105.
35
Calculate the greatest common divisor of 5047 and 49.
49
Calculate the highest common divisor of 1300 and 500.
100
What is the highest common divisor of 24 and 536?
8
What is the greatest common factor of 5 and 215?
5
What is the highest common divisor of 13 and 6188?
13
Calculate the greatest common divisor of 148 and 259.
37
Calculate the greatest common factor of 122 and 12322.
122
What is the greatest common factor of 45 and 30?
15
Calculate the highest common factor of 10404 and 459.
153
Calculate the highest common factor of 728 and 520.
104
Calculate the highest common factor of 851 and 111.
37
Calculate the greatest common divisor of 11 and 2629.
11
Calculate the highest common factor of 1820 and 35.
35
Calculate the greatest common factor of 12 and 960.
12
What is the greatest common divisor of 177 and 4779?
177
Calculate the highest common factor of 25 and 75.
25
Calculate the highest common divisor of 3573 and 36.
9
Calculate the highest common factor of 625 and 50.
25
Calculate the greatest common factor of 931 and 19.
19
What is the highest common divisor of 13 and 832?
13
What is the greatest common divisor of 198 and 180?
18
What is the greatest common divisor of 29 and 27028?
29
Calculate the highest common divisor of 26 and 4.
2
Calculate the greatest common divisor of 436 and 2725.
109
Calculate the greatest common divisor of 1479 and 51.
51
Calculate the greatest common factor of 100 and 40.
20
Calculate the highest common factor of 117 and 729.
9
Calculate the highest common divisor of 215 and 5.
5
Calculate the greatest common divisor of 160 and 8.
8
What is the highest common factor of 1872 and 72?
72
What is the greatest common factor of 29 and 667?
29
What is the highest common divisor of 10 and 4295?
5
What is the greatest common divisor of 13 and 793?
13
Calculate the highest common factor of 55 and 143.
11
Calculate the highest common divisor of 147 and 273.
21
Calculate the highest common divisor of 357 and 1632.
51
What is the greatest common factor of 111 and 1517?
37
Calculate the greatest common divisor of 240 and 6.
6
Calculate the highest common divisor of 36 and 3078.
18
What is the highest common divisor of 1280 and 140?
20
What is the greatest common divisor of 128 and 74?
2
What is the highest common factor of 507 and 117?
39
Calculate the greatest common factor of 49 and 70.
7
Calculate the greatest common factor of 51 and 27.
3
Calculate the highest common